 r - 4*w = -3. Determine k(r).
-7
Suppose 25*r = 24*r - 6. Let v(x) = -x + 1. Determine v(r).
7
Let w = 17 + -18. Let c(x) = 77*x. Let k(a) = 7*a. Let i(v) = -5*c(v) + 56*k(v). Calculate i(w).
-7
Let y be 3/6*1*4. Let f(j) = -j**2 + 2*j. Let i be f(y). Suppose 0*n - 2*n = i. Let b(v) = -v - 10. Calculate b(n).
-10
Let w be 3 + (708/80)/(-3). Let r(j) be the second derivative of 1/4*j**4 - 1/2*j**3 - w*j**5 + 0 - j + 0*j**2. Calculate r(2).
-2
Let s(m) = -m**3 + 7*m**2 - 4*m - 8. Let i be s(6). Suppose -i*w - 17 = -9. Let y(r) = r**3 + 2*r**2 + 3*r + 2. Determine y(w).
-4
Let r(g) = 6 - 2 - 6*g - 10*g**2 + 9*g**2. Give r(-5).
9
Let m be 0 + (-2)/(-6)*0. Let z(q) = 4*q**2 - q**3 + m*q**2 + 2*q**3 - 6 - 3*q**2. Give z(0).
-6
Suppose s = -5*d + 10, 0 = -3*s - 2*d - 3 - 6. Let h(r) = 2*r + 7. Let j(n) = 1. Let y(l) = -h(l) + 2*j(l). Give y(s).
5
Let s be (-8)/6 + (-49)/(-21). Suppose 0 = d - s, 0 = -3*l + 3*d + 5 - 14. Let g(a) = -2*a**2 - 3*a - 3. Calculate g(l).
-5
Suppose 9 = 2*l + 3*z, -z = 1 - 2. Let v(w) = 5*w + 1 - l*w + 2. Give v(-5).
-7
Let p(b) = -b**2 + b. Let r(a) = -3*a - 1. Let z(i) = -2*p(i) - r(i). Let y be (-1 - -2)/((-2)/(-4)). Suppose -4 = -y*u + 4*u. Determine z(u).
7
Let w be ((-10)/(-6))/(1/3). Suppose 0*t = 5*t, -3*x + w*t = -6. Let o(i) = 0 + i**x - 5 + i - 1 + 3. What is o(0)?
-3
Let s = -19 + 11. Let v(i) = -i**2 - 8*i. What is v(s)?
0
Suppose 5*m - 32 = m. Suppose -3*h - 3*g = -g - m, 10 = 5*h + 5*g. Let u(d) be the first derivative of -d**4/4 + d**3 + d**2 + 4*d - 1. What is u(h)?
-4
Let t(i) = i - 1. Let z(h) be the first derivative of -h**3/3 - 5*h**2/2 + 8*h - 1. Let l = 0 - 4. Let j(u) = l*t(u) - z(u). What is j(-3)?
2
Let d(y) = -2*y - 1 + 1 + 0*y. Determine d(4).
-8
Let y = 21 - 20. Let f(q) = -3 - 7*q**2 + 1 - 2 + 5. Calculate f(y).
-6
Let j(u) = 11*u**3 - 8*u**2 - 8*u - 3. Let i(c) = -c**2 + c + 2. Let l be i(-2). Let y(x) = -5*x**3 + 4*x**2 + 4*x + 1. Let a(w) = l*j(w) - 9*y(w). Give a(5).
8
Let z(i) = 2*i + 7. Let v(g) = g + 4. Let c(f) = -7*v(f) + 4*z(f). What is c(3)?
3
Let r(k) = -k + 19. Let u be r(14). Let z(d) = u*d**3 + 0 - 6*d**3 + 0*d - 1 - d**2 + 3*d. Let s(g) = g**3 - 4*g**2 + 2. Let w be s(4). Determine z(w).
-7
Let s(l) = -2*l + 5 - 1 + l**2 + 1 - 5*l. Determine s(6).
-1
Let h(g) = -g**3 - 2*g**2 - 4*g - 2. Let o(z) = 5*z - 47. Let s be o(9). What is h(s)?
6
Let z = 6 + -9. Let w(n) = -n - 1. Calculate w(z).
2
Suppose 12 = -2*w + 6*w. Let n(s) = s + 1 - w - 1. Let d = 7 + -2. Give n(d).
2
Let t(f) = -3*f**2 - 1 + 9*f**2 + 2. Let g = -9 + 7. Let q be (4/(-12))/(g/6). Calculate t(q).
7
Let j be ((-8)/(-12))/(4/6). Suppose -j = m + 4. Let y(n) = -7 - 4*n + 0*n - 6*n**2 - 3*n - n**3. Give y(m).
3
Let l(p) = p**3 + 4*p**2 - 4*p - 10. Let n be l(-4). Let r(z) = -5 + 0*z**2 + 5*z - n*z**2 + z**3 + z**2 - 3*z. Determine r(5).
5
Let n(v) be the third derivative of -v**6/120 - 7*v**5/30 - 3*v**4/8 - 7*v**3/3 + 6*v**2. Let t(f) = f**2 + 1. Let c(x) = -n(x) - 6*t(x). Determine c(-7).
-6
Suppose 2*n + 6 = -0*n, 2*i = 4*n + 12. Suppose -5*b + 0 = -4*z + 10, i = 2*b + 4*z + 4. Let t(o) = -2*o**3 - o**2 + 3*o + 3. What is t(b)?
9
Let h(u) be the first derivative of u**4/4 - u**3 + 3*u**2/2 - 3*u - 1. Let r be ((-1)/(-3))/(3/(-81)). Let x be -4 - (r + 2) - 1. What is h(x)?
-1
Suppose 7*o + 10 = -2*u + 3*o, 5*u - 5*o - 5 = 0. Let i be 1 + (-12)/3 - u. Let n(a) = 3*a + 1. Calculate n(i).
-5
Let w(d) = d - 2. Suppose 2*y + 2*y + 8 = 2*b, -3*b + 2*y = -4. Give w(b).
-2
Let p(z) = -10*z + 2 + z + 8*z. Let w(b) = b**3 + b - 2. Let l be w(0). What is p(l)?
4
Let n(b) = b**3 - 9*b**2 + 8*b - 3. Let a be 8*4/12*3. Calculate n(a).
-3
Let f = 28 - 15. Suppose -b = -0*w + w - 5, 3*w - f = -2*b. Let h(m) = 3 - 5 + m**3 + m - w - 6*m**2. Give h(6).
1
Let i(z) = -12*z + 11*z - z**2 + 0*z + 1 + 3*z - z**3. Calculate i(2).
-7
Let a = 1 + -4. Let g(k) = 5*k**3 - 5*k**2 + k + 4. Let z(n) = 4*n**2 - 3 - 9*n**3 + 5*n**3 + n**2. Let i(u) = -5*g(u) - 6*z(u). Determine i(a).
-5
Let f(g) = -3*g - 2. Suppose 0*j = j. Suppose -3*a + 5*w - 15 = j, a + 9 + 10 = -3*w. Let x be (4/10)/(2/a). Give f(x).
4
Let l(k) = 3*k + 3. Let i(a) = -3*a - 3. Let s(u) = 5*i(u) + 4*l(u). Let y be 2/((-12)/(-22))*3. Suppose 2*p - y = -5*w, -5*w = -p - 0*w - 17. Determine s(p).
3
Let s(t) = -1 - 16*t + 6 + 14*t. What is s(-4)?
13
Let o be 2/(1 - (-5)/(-3)). Let i(v) = -2*v**2 - v - 2. Let n(g) = g**2. Let h(j) = -i(j) - 3*n(j). Determine h(o).
-10
Let k(o) be the second derivative of o**5/20 + o**3/6 + o**2 - 5*o. Suppose -2*r = -5*m + 8, -2*r = 5*m + 9 - 1. Determine k(m).
2
Let d(r) = r**3 - 8*r**2 + 8*r - 1. Suppose 0 = 3*q - q - 14. Let w be d(q). Let l(z) = z**2 + w*z + 6 - z - 3 - 2*z**2. Calculate l(5).
3
Let h(k) be the first derivative of -k**3/3 + 3*k**2/2 + 1. Let c = 6 - 3. Give h(c).
0
Let r(d) = 10 - 6 + 1 - d. Let g be r(4). Let h(n) = -8*n**2 + n - 1. Determine h(g).
-8
Let n(t) = t**2 - 17*t. Let g(y) be the first derivative of -4*y**2 - 1. Let m(d) = -5*g(d) + 2*n(d). Determine m(-4).
8
Let c(m) = -10*m - 14. Let b be c(-2). Let a(s) be the second derivative of -s**3/3 + 7*s**2/2 - s. Determine a(b).
-5
Let r be 4 - -6*1/(-3). Let d(y) = 2*y**2 + y. What is d(r)?
10
Let f be 3*(-3 + 4)*1. Let k(r) = -6*r + 1. Let v(a) = 5*a - 1. Let x(q) = 4*k(q) + 5*v(q). Calculate x(f).
2
Let y(q) be the first derivative of 2*q**3/3 - 2*q + 4. What is y(-2)?
6
Let n(q) = 4*q + 4. Let l(u) = -u - 1. Let b be (-3 - 2) + (-2 - -1). Let y(k) = b*n(k) - 26*l(k). Suppose 5*c - 14 = -34. Determine y(c).
-6
Let q(b) be the first derivative of b**2 + 6*b - 54. What is q(-6)?
-6
Let g(h) = -9*h**2 - 9*h - 17. Let t(l) = -4*l**2 - 5*l - 8. Let y(c) = 3*g(c) - 7*t(c). Let x be y(-7). Let p(s) = 2*s + 1. Give p(x).
-3
Let u(c) be the first derivative of 1/2*c**2 - c + 4/3*c**3 + 3. Calculate u(1).
4
Let h be 21/(-28)*4/(-1). Let u(y) = y**3 - 4*y**2 + 5*y - 4. Calculate u(h).
2
Suppose 4*c + 3 = -5. Let u(f) = -7*f**2 - 7. Let n(i) = -10*i**2 - 10. Let v(z) = -5*n(z) + 7*u(z). What is v(c)?
5
Let m = 2 + 1. Suppose m*y + 3*z - 6 = 0, -4*y + 3*z + z + 16 = 0. Let b(l) = y - 2 + 3*l**2 - 3*l**3 + 4*l**3. What is b(-3)?
1
Let l(x) = -9*x - 9 + 5*x**2 + x**3 + 0*x**2 + 0*x**3. Determine l(-6).
9
Let m(k) be the first derivative of k**2/2 - 3*k - 14. What is m(0)?
-3
Let k(n) be the second derivative of n**5/20 + n**4/3 + n**3/2 + 3*n**2/2 - 2*n. Suppose 3*t = 5*g + 27, g + 5 = -2*g - t. Calculate k(g).
3
Let i(l) = l**2. Let b(s) = -3*s**2 + 6*s - 5. Let a(g) = b(g) + 2*i(g). Let v be a(5). Let w(h) = h - 3. Determine w(v).
-3
Let n(o) = o + 2. Let u(c) be the third derivative of c**3/6 + 2*c**2. Let p(r) = n(r) - 2*u(r). Let w be 0/3 - 1*-2. What is p(w)?
2
Let y(g) = g**2 + 5*g + 2. Suppose 3*p - 3*x = -18, 24 = -4*p + 2*x - 5*x. Give y(p).
8
Let l(k) = -k**2 - 9*k. Let b be -3 + -2 - (-1 - -5). Calculate l(b).
0
Let y(a) = a. Let k(s) = 3*s + 3. Let v(p) = -k(p) + 2*y(p). What is v(-3)?
0
Let z(d) = -d**3 + 2*d**2 + d - 6. Let v(i) = 2*i**3 - i**2 - 2*i + 7. Let h(x) = -2*v(x) - 3*z(x). Give h(-4).
0
Let a(n) = -n**3 + 6*n**2 - 2*n + 7. Let x be a(6). Suppose 7 = h + 5. Let w = x + h. Let u(y) = y**3 + 2*y**2 - 3*y - 3. What is u(w)?
-3
Let x(u) = -2*u + 4*u - 4 + 2*u - 3*u. Give x(-4).
-8
Let h(l) be the third derivative of -l**4/12 + l**3/6 - 6*l**2. Calculate h(3).
-5
Let u(p) = -p**2 - 3*p + 5. Let y be (-10)/(-4)*(-12)/(-10). Let m(j) = -3*j**2 - 9*j + 14. Let t(i) = y*m(i) - 8*u(i). Give t(-5).
-8
Let v(z) = -2*z**2 + 37*z - 19. Let r be v(18). Let o(w) = -6*w**2 - w - 1. Determine o(r).
-6
Let s(j) = 7*j. Let a be 2 - (30/45)/(4/(-6)). Calculate s(a).
21
Let p(r) = r**2 - 1. Let o be 0/(2/(2/3)). Suppose o*u - 5 = -5*u. Calculate p(u).
0
Let v(m) be the first derivative of m + 5. Let b(h) = 2*h + 5. Let g(k) = b(k) - 2*v(k). Determine g(4).
11
Let y(k) = -k**3 + 4*k**2 - 3*k. Suppose 2*x - 2 = 2. Suppose x*a + 5 = -o, -4*o + 48 - 16 = -5*a. What is y(o)?
0
Let u = 0 + 2. Let d be -1*(u - 3)*0. Let x(m) = 3*m**2 - m + 1. Let y(s) = -7*s**2 + 3*s - 1. Let q(h) = -5*x(h) - 2*y(h). Calculate q(d).
-3
Let g(y) = y**2 - y - 7. Let z(q) = q**2 - q. Let i be z(1). Determine g(i).
-7
Let x(s) = 1 + 0 - 11 + s + 3. Give x(7).
0
Let c be (3 - 5) + (-6)/(-1). Let u(x) = x**